{"id":33,"date":"2022-03-20T01:21:22","date_gmt":"2022-03-20T01:21:22","guid":{"rendered":"https:\/\/paranapolicial.com.br\/noticias\/?page_id=33"},"modified":"2022-03-20T01:21:22","modified_gmt":"2022-03-20T01:21:22","slug":"expediente","status":"publish","type":"page","link":"https:\/\/paranapolicial.com.br\/noticias\/expediente\/","title":{"rendered":"Expediente"},"content":{"rendered":"<body>\n<p><strong>Revista Paran\u00e1 Policial<\/strong><\/p>\n\n\n\n<p><strong><em>Expediente:<\/em><\/strong><\/p>\n\n\n\n<p>Diretor: Sergio Paulo Martins Pontes<\/p>\n\n\n\n<p>Fone\/ WhatsApp (41) 99974-2693<\/p>\n\n\n\n<p>E-mail: spontes146@gmail.com<\/p>\n\n\n\n<p>CNPJ:23.720.784\/0001-63<\/p>\n\n\n\n<p>Curitiba-PR<\/p>\n\n\n\n<p><strong>Constitui\u00e7\u00e3o Federal Art. 220<\/strong><\/p>\n\n\n\n<p>\u00a7 1\u00ba \u2013 Nenhuma Lei conter\u00e1 dispositivo que possa constituir embara\u00e7o \u00e0 plena liberdade de informa\u00e7\u00e3o jornal\u00edstica em qualquer ve\u00edculo de comunica\u00e7\u00e3o social.<\/p>\n\n\n\n<p><strong>Constitui\u00e7\u00e3o Estadual Art. 237<\/strong><\/p>\n\n\n\n<p>A publica\u00e7\u00e3o e circula\u00e7\u00e3o de ve\u00edculo impresso de comunica\u00e7\u00e3o independe de licen\u00e7a de autoridade.<\/p>\n\n\n\n<p>A Revista  Paran\u00e1 Policial n\u00e3o possui v\u00ednculo  oficial com nenhum \u00f3rg\u00e3o p\u00fablico, sendo assim um ve\u00edculo de comunica\u00e7\u00e3o de iniciativa privada.<\/p>\n\n\n\n<p><strong>Colaboradores:<\/strong><\/p>\n\n\n\n<p>Pol\u00edcia Rodovi\u00e1ria Estadual \/ Pol\u00edcia Civil \/ Pol\u00edcia Militar<\/p>\n\n\n\n<p><\/p>\n<\/body>","protected":false},"excerpt":{"rendered":"<p>Revista Paran\u00e1 Policial Expediente: Diretor: Sergio Paulo Martins Pontes Fone\/ WhatsApp (41) 99974-2693 E-mail: spontes146@gmail.com<\/p>\n","protected":false},"author":1,"featured_media":0,"parent":0,"menu_order":1,"comment_status":"closed","ping_status":"closed","template":"","meta":{"om_disable_all_campaigns":false,"footnotes":""},"class_list":["post-33","page","type-page","status-publish","hentry"],"jetpack_sharing_enabled":true,"_links":{"self":[{"href":"https:\/\/paranapolicial.com.br\/noticias\/wp-json\/wp\/v2\/pages\/33","targetHints":{"allow":["GET"]}}],"collection":[{"href":"https:\/\/paranapolicial.com.br\/noticias\/wp-json\/wp\/v2\/pages"}],"about":[{"href":"https:\/\/paranapolicial.com.br\/noticias\/wp-json\/wp\/v2\/types\/page"}],"author":[{"embeddable":true,"href":"https:\/\/paranapolicial.com.br\/noticias\/wp-json\/wp\/v2\/users\/1"}],"replies":[{"embeddable":true,"href":"https:\/\/paranapolicial.com.br\/noticias\/wp-json\/wp\/v2\/comments?post=33"}],"version-history":[{"count":0,"href":"https:\/\/paranapolicial.com.br\/noticias\/wp-json\/wp\/v2\/pages\/33\/revisions"}],"wp:attachment":[{"href":"https:\/\/paranapolicial.com.br\/noticias\/wp-json\/wp\/v2\/media?parent=33"}],"curies":[{"name":"wp","href":"https:\/\/api.w.org\/{rel}","templated":true}]}}